{"id":17747,"date":"2024-09-22T03:49:52","date_gmt":"2024-09-22T03:49:52","guid":{"rendered":"https:\/\/atreveteacomprar.com\/?post_type=product&#038;p=17747"},"modified":"2025-09-06T17:55:52","modified_gmt":"2025-09-06T22:55:52","slug":"smartwatch-heatz-hw1","status":"publish","type":"product","link":"https:\/\/atreveteacomprar.com\/index.php\/producto\/smartwatch-heatz-hw1\/","title":{"rendered":"Smartwatch HEATZ HW1"},"content":{"rendered":"<p>Pantalla t\u00e1ctil<br \/>\nGPS<br \/>\nAI<br \/>\nContador de pasos,<\/p>\n<p>Control de m\u00fasica,<\/p>\n<p>GPS incorporado,<\/p>\n<p>Monitor de frecuencia card\u00edaca,<\/p>\n<p>Monitoreo del sue\u00f1o,<\/p>\n<p>Notificaciones inteligentes,<\/p>\n<p>Seguimiento de la actividad f\u00edsica<br \/>\nAndroid &amp; IOS<\/p>\n","protected":false},"excerpt":{"rendered":"<p>Pantalla t\u00e1ctil GPS AI Contador de pasos, Control de m\u00fasica, GPS incorporado, Monitor de frecuencia card\u00edaca, Monitoreo del sue\u00f1o, Notificaciones<\/p>\n","protected":false},"featured_media":17748,"comment_status":"open","ping_status":"closed","template":"","meta":[],"product_brand":[98],"product_cat":[130],"product_tag":[156],"class_list":{"0":"post-17747","1":"product","2":"type-product","3":"status-publish","4":"has-post-thumbnail","6":"product_brand-audifonos-heatz","7":"product_cat-smartwatch","8":"product_tag-smartwatch-heatz","10":"first","11":"instock","12":"shipping-taxable","13":"purchasable","14":"product-type-simple"},"_links":{"self":[{"href":"https:\/\/atreveteacomprar.com\/index.php\/wp-json\/wp\/v2\/product\/17747","targetHints":{"allow":["GET"]}}],"collection":[{"href":"https:\/\/atreveteacomprar.com\/index.php\/wp-json\/wp\/v2\/product"}],"about":[{"href":"https:\/\/atreveteacomprar.com\/index.php\/wp-json\/wp\/v2\/types\/product"}],"replies":[{"embeddable":true,"href":"https:\/\/atreveteacomprar.com\/index.php\/wp-json\/wp\/v2\/comments?post=17747"}],"version-history":[{"count":1,"href":"https:\/\/atreveteacomprar.com\/index.php\/wp-json\/wp\/v2\/product\/17747\/revisions"}],"predecessor-version":[{"id":17757,"href":"https:\/\/atreveteacomprar.com\/index.php\/wp-json\/wp\/v2\/product\/17747\/revisions\/17757"}],"wp:featuredmedia":[{"embeddable":true,"href":"https:\/\/atreveteacomprar.com\/index.php\/wp-json\/wp\/v2\/media\/17748"}],"wp:attachment":[{"href":"https:\/\/atreveteacomprar.com\/index.php\/wp-json\/wp\/v2\/media?parent=17747"}],"wp:term":[{"taxonomy":"product_brand","embeddable":true,"href":"https:\/\/atreveteacomprar.com\/index.php\/wp-json\/wp\/v2\/product_brand?post=17747"},{"taxonomy":"product_cat","embeddable":true,"href":"https:\/\/atreveteacomprar.com\/index.php\/wp-json\/wp\/v2\/product_cat?post=17747"},{"taxonomy":"product_tag","embeddable":true,"href":"https:\/\/atreveteacomprar.com\/index.php\/wp-json\/wp\/v2\/product_tag?post=17747"}],"curies":[{"name":"wp","href":"https:\/\/api.w.org\/{rel}","templated":true}]}}