{"id":19957,"date":"2025-07-15T14:42:50","date_gmt":"2025-07-15T14:42:50","guid":{"rendered":"https:\/\/atreveteacomprar.com\/?post_type=product&#038;p=19957"},"modified":"2025-09-06T18:04:49","modified_gmt":"2025-09-06T23:04:49","slug":"oppo-a20-128gb-4","status":"publish","type":"product","link":"https:\/\/atreveteacomprar.com\/index.php\/producto\/oppo-a20-128gb-4\/","title":{"rendered":"OPPO A20 128GB\/4"},"content":{"rendered":"<div class=\"electro-description clearfix\">\n<p><strong>TAMA\u00d1O Y PESO<\/strong><\/p>\n<ul>\n<li><strong>Alto:<\/strong>\u00a0165.77 mm aprox.<\/li>\n<li><strong>Ancho:<\/strong>\u00a076.08 mm aprox.<\/li>\n<li><strong>Grosor:<\/strong>\u00a07.68 mm aprox.<\/li>\n<li><strong>Peso:<\/strong>\u00a0186 g aprox.<\/li>\n<\/ul>\n<p><em>El tama\u00f1o y peso del producto puede variar por su configuraci\u00f3n, proceso de fabricaci\u00f3n y medidas. Todas las especificaciones est\u00e1n sujetas al producto real.<\/em><\/p>\n<p><strong>ALMACENAMIENTO<\/strong><\/p>\n<ul>\n<li><strong>Capacidades RAM y ROM:<\/strong>\u00a04GB + 128GB<\/li>\n<li><strong>Tipo de RAM:<\/strong>\u00a0LPDDR4X a 2133 MHz, 2 \u00d7 16 bits<\/li>\n<li><strong>Especificaciones ROM:<\/strong>\u00a0eMMC 5.1<\/li>\n<li><strong>Tarjeta de almacenamiento del tel\u00e9fono:<\/strong>\u00a0Soportada<\/li>\n<li><strong>USB OTG:<\/strong>\u00a0Soportado<\/li>\n<\/ul>\n<p><em>El almacenamiento interno disponible puede ser menor debido a que el software ocupa parte del almacenamiento interno. El espacio de la memoria puede cambiar debido a las actualizaciones de las aplicaciones, operaciones de usuarios y otros factores.<\/em><\/p>\n<p><strong>PANTALLA<\/strong><\/p>\n<ul>\n<li><strong>Tama\u00f1o:<\/strong>\u00a06.67\u2033<\/li>\n<li><strong>Ratio de pantalla:<\/strong>\u00a089.9%<\/li>\n<li><strong>Resoluci\u00f3n:<\/strong>\u00a0HD+ (1604 \u00d7 720)<\/li>\n<li><strong>Tasa de refresco:<\/strong>\u00a0M\u00e1ximo: 90Hz<\/li>\n<li><strong>Frecuencia de respuesta t\u00e1ctil:<\/strong>\u00a0M\u00e1ximo: 180Hz | Por defecto: 120Hz<\/li>\n<li><strong>Gama de colores:<\/strong>\u00a0Modo vivido: 83% NTSC | Modo gentil: 71% NTSC<\/li>\n<li><strong>Profundidad de color:<\/strong>\u00a016.7 millones de colores (8 bits)<\/li>\n<li><strong>Densidad de p\u00edxeles:<\/strong>\u00a0264 ppi<\/li>\n<li><strong>Brillo:<\/strong>\u00a0M\u00e1ximo bajo luz solar: 1000 nits<\/li>\n<li><strong>Panel:<\/strong>\u00a0LCD<\/li>\n<li><strong>Cubierta de vidrio:<\/strong>\u00a0China Southern Glass (dos veces reforzado), Panda (dos veces reforzado)<\/li>\n<\/ul>\n<p><strong>C\u00c1MARA<\/strong><\/p>\n<ul>\n<li><strong>C\u00e1mara trasera:<\/strong>\u00a08 MP; f\/2; FOV 78\u00b0; lente de 4 elementos; AF; motor de enfoque open-loop<\/li>\n<li><strong>C\u00e1mara frontal:<\/strong>\u00a05 MP; f\/2.2; FOV 78\u00b0; lente de 3 elementos; FF<\/li>\n<li><strong>Modo de disparo trasero:<\/strong>\u00a0Pro, Video, Foto, Noche, Panorama, c\u00e1mara lenta, fotos por intervalos, Sticker, Esc\u00e1ner de textos y extra HD<\/li>\n<li><strong>Modo de disparo frontal:<\/strong>\u00a0Video, Foto, Retrato, Noche, Panorama, foto por intervalos, Sticker y Extra HD<\/li>\n<\/ul>\n<p><strong>VIDEO<\/strong><\/p>\n<ul>\n<li><strong>Trasero:<\/strong>\u00a01080p a 30 fps, 720p a 30 fps<\/li>\n<li><strong>Zoom de video:<\/strong>\u00a01080p a 30 fps, 720p a 30 fps<\/li>\n<li><strong>Fotos por intervalos:<\/strong>\u00a01080p a 30 fps<\/li>\n<li><strong>Frontal:<\/strong>\u00a0Hasta 1080\/720p a 30 fps | Por defecto: 720p a 30 fps<\/li>\n<\/ul>\n<p><strong>CHIPS<\/strong><\/p>\n<ul>\n<li><strong>CPU:<\/strong>\u00a0Qualcomm\u00ae Snapdragon\u00ae 6s 4G Gen1<\/li>\n<li><strong>Velocidad de los n\u00facleos CPU:<\/strong>\u00a08 n\u00facleos<\/li>\n<li><strong>GPU:<\/strong>\u00a0Adreno 610 a 1050 MHz<\/li>\n<\/ul>\n<p><strong>BATER\u00cdA<\/strong><\/p>\n<ul>\n<li><strong>Valor t\u00edpico:<\/strong>\u00a05100 mAh\/19.95 Wh<\/li>\n<li><strong>Valor nominal:<\/strong>\u00a04970 mAh\/19.44 Wh<\/li>\n<li><strong>Carga r\u00e1pida:<\/strong>\u00a0SUPERVOOCTM 2.0, 45W (11V\/4.1A)<\/li>\n<\/ul>\n<p><em>La marca y los logotipos de SUPERVOOC son marcas comerciales propiedad de Guangdong OPPO Mobile Telecommunications Corp., Ltd.<\/em><\/p>\n<p><strong>BIOMETR\u00cdA<\/strong><\/p>\n<ul>\n<li><strong>Huella digital:<\/strong>\u00a0Soportado<\/li>\n<li><strong>Reconocimiento facial:<\/strong>\u00a0Soportado<\/li>\n<\/ul>\n<p><strong>SENSORES<\/strong><\/p>\n<ul>\n<li>Sensor geomagn\u00e9tico<\/li>\n<li>Sensor frontal\/trasero de luz ambiente<\/li>\n<li>Sensores de proximidad<\/li>\n<li>Aceler\u00f3metro<\/li>\n<li>Sensor de gravedad<\/li>\n<li>Contador de pasos<\/li>\n<\/ul>\n<p><strong>RED M\u00d3VIL<\/strong><\/p>\n<ul>\n<li><strong>Dual SIM:<\/strong>\u00a0Soportada<\/li>\n<li><strong>Tipo de tarjeta SIM:<\/strong>\u00a0Tarjeta Nano-SIM\/Tarjeta Nano-USIM<\/li>\n<li><strong>Banda de frecuencia:<\/strong>\n<ul>\n<li>GSM: 850\/900\/1800\/1900MHz<\/li>\n<li>WCDMA: Bands 1\/2\/4\/5\/6\/8\/19<\/li>\n<li>LTE FDD: Bands 1\/2\/3\/4\/5\/7\/8\/12\/13\/17\/18\/19\/26\/28\/66<\/li>\n<li>LTE TDD: Bands 38\/40\/41<\/li>\n<\/ul>\n<\/li>\n<\/ul>\n<p><em>Las funciones disponibles en la red dependen del entorno de la red de la operadora y sus servicios proporcionados.<\/em><\/p>\n<p><strong>CONECTIVIDAD<\/strong><\/p>\n<ul>\n<li><strong>WLAN:<\/strong>\u00a0Wi-Fi 5 (802.11ac), 802.11a\/b\/g\/n, WLAN 2.4G\/WLAN 5G, WLAN Display, WLAN network tethering, Wi-Fi 5GHz 80 MHz<\/li>\n<li><strong>Versi\u00f3n Bluetooth\u00ae:<\/strong>\u00a0Bluetooth\u00ae 5.0, BLE<\/li>\n<li><strong>C\u00f3dec de audio Bluetooth\u00ae:<\/strong>\u00a0SBC, AAC y aptX<\/li>\n<li><strong>Interfaz USB:<\/strong>\u00a0USB-C<\/li>\n<li><strong>Jack para aud\u00edfonos:<\/strong>\u00a03.5 mm<\/li>\n<\/ul>\n<p><strong>SISTEMA OPERATIVO<\/strong><\/p>\n<ul>\n<li><strong>ColorOS 14.0<\/strong><br \/>\n<em>Los datos sobre el sistema operativo son meramente de referencia y pueden variar de acuerdo al producto real. Si hay actualizaciones, no se ver\u00e1n reflejadas en esta p\u00e1gina.<\/em><\/li>\n<\/ul>\n<p><strong>TECNOLOG\u00cdA DE LOCALIZACI\u00d3N<\/strong><\/p>\n<ul>\n<li><strong>GNSS:<\/strong>\u00a0BeiDou, GPS, GLONASS, Galileo y QZSS<\/li>\n<li><strong>Otros:<\/strong> Posicionamiento con A-GNSS, WLAN y por datos m\u00f3vile<\/li>\n<\/ul>\n<\/div>\n<div class=\"product_meta\"><\/div>\n","protected":false},"excerpt":{"rendered":"<p>TAMA\u00d1O Y PESO Alto:\u00a0165.77 mm aprox. Ancho:\u00a076.08 mm aprox. Grosor:\u00a07.68 mm aprox. Peso:\u00a0186 g aprox. El tama\u00f1o y peso del<\/p>\n","protected":false},"featured_media":19958,"comment_status":"open","ping_status":"closed","template":"","meta":[],"product_brand":[137],"product_cat":[124,136],"product_tag":[149],"class_list":{"0":"post-19957","1":"product","2":"type-product","3":"status-publish","4":"has-post-thumbnail","6":"product_brand-celulares-oppo","7":"product_cat-celulares","8":"product_cat-celulares-oppo","9":"product_tag-celulares-oppo","11":"first","12":"instock","13":"purchasable","14":"product-type-simple"},"_links":{"self":[{"href":"https:\/\/atreveteacomprar.com\/index.php\/wp-json\/wp\/v2\/product\/19957","targetHints":{"allow":["GET"]}}],"collection":[{"href":"https:\/\/atreveteacomprar.com\/index.php\/wp-json\/wp\/v2\/product"}],"about":[{"href":"https:\/\/atreveteacomprar.com\/index.php\/wp-json\/wp\/v2\/types\/product"}],"replies":[{"embeddable":true,"href":"https:\/\/atreveteacomprar.com\/index.php\/wp-json\/wp\/v2\/comments?post=19957"}],"version-history":[{"count":1,"href":"https:\/\/atreveteacomprar.com\/index.php\/wp-json\/wp\/v2\/product\/19957\/revisions"}],"predecessor-version":[{"id":19961,"href":"https:\/\/atreveteacomprar.com\/index.php\/wp-json\/wp\/v2\/product\/19957\/revisions\/19961"}],"wp:featuredmedia":[{"embeddable":true,"href":"https:\/\/atreveteacomprar.com\/index.php\/wp-json\/wp\/v2\/media\/19958"}],"wp:attachment":[{"href":"https:\/\/atreveteacomprar.com\/index.php\/wp-json\/wp\/v2\/media?parent=19957"}],"wp:term":[{"taxonomy":"product_brand","embeddable":true,"href":"https:\/\/atreveteacomprar.com\/index.php\/wp-json\/wp\/v2\/product_brand?post=19957"},{"taxonomy":"product_cat","embeddable":true,"href":"https:\/\/atreveteacomprar.com\/index.php\/wp-json\/wp\/v2\/product_cat?post=19957"},{"taxonomy":"product_tag","embeddable":true,"href":"https:\/\/atreveteacomprar.com\/index.php\/wp-json\/wp\/v2\/product_tag?post=19957"}],"curies":[{"name":"wp","href":"https:\/\/api.w.org\/{rel}","templated":true}]}}