{"id":20607,"date":"2025-07-24T12:00:25","date_gmt":"2025-07-24T12:00:25","guid":{"rendered":"https:\/\/atreveteacomprar.com\/?post_type=product&#038;p=20607"},"modified":"2025-09-06T17:48:36","modified_gmt":"2025-09-06T22:48:36","slug":"cubot-king-kong-kingkong-9-dual-sim-256-gb-black-12-gb-ram","status":"publish","type":"product","link":"https:\/\/atreveteacomprar.com\/index.php\/producto\/cubot-king-kong-kingkong-9-dual-sim-256-gb-black-12-gb-ram\/","title":{"rendered":"Cubot King Kong KingKong 9 Dual SIM 256 GB black 12 GB RAM"},"content":{"rendered":"<p>CPU: G99, (6nm 2*A76 2.2GHz+6*A55 2.0GHz)<br \/>\nSO: Android 13<br \/>\nMemoria: 12GB+12GB (RAM extendido) +256GB ROM UMCP<br \/>\nTarjeta: Doble tarjeta Nano SIM y 1 tarjeta Nano SIM y 1 tarjeta TF<br \/>\nBater\u00eda: 10600mAh<br \/>\nPantalla: 6.583 pulgadas FHD+ (1080*2408) incell, 120Hz alta tasa<br \/>\nde refresco<br \/>\nC\u00e1mara: C\u00e1mara trasera 100MP+5MP+24M c\u00e1mara de visi\u00f3n<br \/>\nnocturna con 1ALinterna LED y 2 LEDs infrarrojos<br \/>\nC\u00e1mara frontal 32MP<br \/>\nBandas:<br \/>\nFDD:1\/2\/3\/4\/5\/7\/8\/12\/13\/17\/18\/19\/201\/25\/26\/28A+B\/66TDD:38\/39\/4<br \/>\n0\/41<br \/>\nOtros: (GPS+GLONASS+Galileo+BEIDOU)\/wifi(2.4G+5G)Bluetooth<br \/>\n5.2\/(Identificaci\u00f3n facial, Proximidad, Aceler\u00f3metro, Magn\u00e9tico,<br \/>\nGiroscopio, NFC, OTG)\/Esc\u00e1ner de huellas dactilares lateral<br \/>\nColor: Negro<\/p>\n","protected":false},"excerpt":{"rendered":"<p>CPU: G99, (6nm 2*A76 2.2GHz+6*A55 2.0GHz) SO: Android 13 Memoria: 12GB+12GB (RAM extendido) +256GB ROM UMCP Tarjeta: Doble tarjeta Nano<\/p>\n","protected":false},"featured_media":20608,"comment_status":"closed","ping_status":"closed","template":"","meta":[],"product_brand":[99],"product_cat":[124],"product_tag":[150],"class_list":{"0":"post-20607","1":"product","2":"type-product","3":"status-publish","4":"has-post-thumbnail","6":"product_brand-celulares-cubot","7":"product_cat-celulares","8":"product_tag-celulares-cubot","10":"first","11":"instock","12":"sale","13":"shipping-taxable","14":"purchasable","15":"product-type-simple"},"_links":{"self":[{"href":"https:\/\/atreveteacomprar.com\/index.php\/wp-json\/wp\/v2\/product\/20607","targetHints":{"allow":["GET"]}}],"collection":[{"href":"https:\/\/atreveteacomprar.com\/index.php\/wp-json\/wp\/v2\/product"}],"about":[{"href":"https:\/\/atreveteacomprar.com\/index.php\/wp-json\/wp\/v2\/types\/product"}],"replies":[{"embeddable":true,"href":"https:\/\/atreveteacomprar.com\/index.php\/wp-json\/wp\/v2\/comments?post=20607"}],"version-history":[{"count":1,"href":"https:\/\/atreveteacomprar.com\/index.php\/wp-json\/wp\/v2\/product\/20607\/revisions"}],"predecessor-version":[{"id":20615,"href":"https:\/\/atreveteacomprar.com\/index.php\/wp-json\/wp\/v2\/product\/20607\/revisions\/20615"}],"wp:featuredmedia":[{"embeddable":true,"href":"https:\/\/atreveteacomprar.com\/index.php\/wp-json\/wp\/v2\/media\/20608"}],"wp:attachment":[{"href":"https:\/\/atreveteacomprar.com\/index.php\/wp-json\/wp\/v2\/media?parent=20607"}],"wp:term":[{"taxonomy":"product_brand","embeddable":true,"href":"https:\/\/atreveteacomprar.com\/index.php\/wp-json\/wp\/v2\/product_brand?post=20607"},{"taxonomy":"product_cat","embeddable":true,"href":"https:\/\/atreveteacomprar.com\/index.php\/wp-json\/wp\/v2\/product_cat?post=20607"},{"taxonomy":"product_tag","embeddable":true,"href":"https:\/\/atreveteacomprar.com\/index.php\/wp-json\/wp\/v2\/product_tag?post=20607"}],"curies":[{"name":"wp","href":"https:\/\/api.w.org\/{rel}","templated":true}]}}