{"id":21327,"date":"2025-08-14T02:07:35","date_gmt":"2025-08-14T02:07:35","guid":{"rendered":"https:\/\/atreveteacomprar.com\/?post_type=product&#038;p=21327"},"modified":"2025-09-06T17:51:06","modified_gmt":"2025-09-06T22:51:06","slug":"iphone-16e-128gb-sim-virtual","status":"publish","type":"product","link":"https:\/\/atreveteacomprar.com\/index.php\/producto\/iphone-16e-128gb-sim-virtual\/","title":{"rendered":"iPhone 16e 128GB sim virtual"},"content":{"rendered":"<p>Descubre el iPhone 16e, dise\u00f1ado para brindarte una experiencia incre\u00edble. Su dise\u00f1o resistente en elegantes colores se combina con la pantalla Super Retina XDR para sumergirte en im\u00e1genes vibrantes y detalladas. Con el potente chip A18, todo es m\u00e1s r\u00e1pido y fluido, desde navegar hasta aprovechar Apple Intelligence. Captura cada instante en superalta resoluci\u00f3n con la c\u00e1mara Fusion de 48 MP y disfruta de una bater\u00eda de larga duraci\u00f3n que te mantiene conectado todo el d\u00eda. \u00a1Hazlo tuyo ahora y lleva la innovaci\u00f3n a tu d\u00eda a d\u00eda!<\/p>\n<ul class=\"tab-details__keyFeatures--list\">\n<li class=\"tab-details__keyFeatures--item\">Dise\u00f1ado para Apple Intelligence. Expresate con facilidad<\/li>\n<li class=\"tab-details__keyFeatures--item\">Superbateria, hasta 26 horas de reproducci\u00f3n de video<\/li>\n<li class=\"tab-details__keyFeatures--item\">Sistema de C\u00e1maras de 48MP fotos en superalta resolucion<\/li>\n<li class=\"tab-details__keyFeatures--item\">Bot\u00f3n de Acci\u00f3n personalizable para abrir tu app preferida<\/li>\n<li class=\"tab-details__keyFeatures--item\">Con vidrio de Ceramic Shield: m\u00e1s resistente y duradero<\/li>\n<\/ul>\n<div class=\"new-container__table__classifications___type__wrap\">\n<h3 class=\"new-container__table__classifications___type__title\">Almacenamiento y Procesamiento<\/h3>\n<div class=\"new-container__table__classifications___type \">\n<div class=\"new-container__table__classifications___type__item\">\n<div class=\"new-container__table__classifications___type__item_feature\">Memoria Interna<\/div>\n<div class=\"new-container__table__classifications___type__item_result\">128 GB<\/div>\n<\/div>\n<div class=\"new-container__table__classifications___type__item\">\n<div class=\"new-container__table__classifications___type__item_feature\">Marca del Procesador<\/div>\n<div class=\"new-container__table__classifications___type__item_result\">Apple<\/div>\n<\/div>\n<div class=\"new-container__table__classifications___type__item\">\n<div class=\"new-container__table__classifications___type__item_feature\">N\u00famero de N\u00facleos (m\u00e1s n\u00facleos m\u00e1s multitareas)<\/div>\n<div class=\"new-container__table__classifications___type__item_result\">6\u00a0 Nucleos<\/div>\n<\/div>\n<div class=\"new-container__table__classifications___type__item\">\n<div class=\"new-container__table__classifications___type__item_feature\">Sistema Operativo<\/div>\n<div class=\"new-container__table__classifications___type__item_result\">iOS<\/div>\n<\/div>\n<div class=\"new-container__table__classifications___type__item\">\n<div class=\"new-container__table__classifications___type__item_feature\">Version Sistema Operativo<\/div>\n<div class=\"new-container__table__classifications___type__item_result\">iOS 18<\/div>\n<\/div>\n<div class=\"new-container__table__classifications___type__item new-container__table__classifications___type__item--void\">\n<div class=\"new-container__table__classifications___type__item_feature\"><\/div>\n<div class=\"new-container__table__classifications___type__item_result\"><\/div>\n<\/div>\n<\/div>\n<\/div>\n<div class=\"new-container__table__classifications___type__wrap\">\n<h3 class=\"new-container__table__classifications___type__title\">C\u00e1mara<\/h3>\n<div class=\"new-container__table__classifications___type \">\n<div class=\"new-container__table__classifications___type__item\">\n<div class=\"new-container__table__classifications___type__item_feature\">Tipo de Camara Frontal<\/div>\n<div class=\"new-container__table__classifications___type__item_result\">Sencilla<\/div>\n<\/div>\n<div class=\"new-container__table__classifications___type__item\">\n<div class=\"new-container__table__classifications___type__item_feature\">Resolucion Camara Frontal 1<\/div>\n<div class=\"new-container__table__classifications___type__item_result\">12\u00a0 Mpx<\/div>\n<\/div>\n<div class=\"new-container__table__classifications___type__item\">\n<div class=\"new-container__table__classifications___type__item_feature\">Tipo de Camara Posterior<\/div>\n<div class=\"new-container__table__classifications___type__item_result\">Sencilla<\/div>\n<\/div>\n<div class=\"new-container__table__classifications___type__item\">\n<div class=\"new-container__table__classifications___type__item_feature\">Resolucion Camara Posterior 1<\/div>\n<div class=\"new-container__table__classifications___type__item_result\">48\u00a0 Mpx<\/div>\n<\/div>\n<div class=\"new-container__table__classifications___type__item\">\n<div class=\"new-container__table__classifications___type__item_feature\">Flash Posterior<\/div>\n<div class=\"new-container__table__classifications___type__item_result\">SI Tiene Flash Posterior<\/div>\n<\/div>\n<div class=\"new-container__table__classifications___type__item new-container__table__classifications___type__item--void\">\n<div class=\"new-container__table__classifications___type__item_feature\"><\/div>\n<\/div>\n<\/div>\n<\/div>\n","protected":false},"excerpt":{"rendered":"<p>Descubre el iPhone 16e, dise\u00f1ado para brindarte una experiencia incre\u00edble. Su dise\u00f1o resistente en elegantes colores se combina con la pantalla Super Retina XDR para sumergirte en im\u00e1genes vibrantes y detalladas. Con el potente chip A18, todo es m\u00e1s r\u00e1pido y fluido, desde navegar hasta aprovechar Apple Intelligence. Captura cada instante en superalta resoluci\u00f3n con la c\u00e1mara Fusion de 48 MP y disfruta de una bater\u00eda de larga duraci\u00f3n que te mantiene conectado todo el d\u00eda. \u00a1Hazlo tuyo ahora y lleva la innovaci\u00f3n a tu d\u00eda a d\u00eda!<\/p>\n","protected":false},"featured_media":21333,"comment_status":"open","ping_status":"closed","template":"","meta":[],"product_brand":[66],"product_cat":[124,105],"product_tag":[144,148,147],"class_list":{"0":"post-21327","1":"product","2":"type-product","3":"status-publish","4":"has-post-thumbnail","6":"product_brand-apple","7":"product_cat-celulares","8":"product_cat-celualres-iphone","9":"product_tag-celulares-iphone","10":"product_tag-iphone-de-exhibicion","11":"product_tag-iphone-usado","13":"first","14":"instock","15":"shipping-taxable","16":"purchasable","17":"product-type-simple"},"_links":{"self":[{"href":"https:\/\/atreveteacomprar.com\/index.php\/wp-json\/wp\/v2\/product\/21327","targetHints":{"allow":["GET"]}}],"collection":[{"href":"https:\/\/atreveteacomprar.com\/index.php\/wp-json\/wp\/v2\/product"}],"about":[{"href":"https:\/\/atreveteacomprar.com\/index.php\/wp-json\/wp\/v2\/types\/product"}],"replies":[{"embeddable":true,"href":"https:\/\/atreveteacomprar.com\/index.php\/wp-json\/wp\/v2\/comments?post=21327"}],"version-history":[{"count":2,"href":"https:\/\/atreveteacomprar.com\/index.php\/wp-json\/wp\/v2\/product\/21327\/revisions"}],"predecessor-version":[{"id":21339,"href":"https:\/\/atreveteacomprar.com\/index.php\/wp-json\/wp\/v2\/product\/21327\/revisions\/21339"}],"wp:featuredmedia":[{"embeddable":true,"href":"https:\/\/atreveteacomprar.com\/index.php\/wp-json\/wp\/v2\/media\/21333"}],"wp:attachment":[{"href":"https:\/\/atreveteacomprar.com\/index.php\/wp-json\/wp\/v2\/media?parent=21327"}],"wp:term":[{"taxonomy":"product_brand","embeddable":true,"href":"https:\/\/atreveteacomprar.com\/index.php\/wp-json\/wp\/v2\/product_brand?post=21327"},{"taxonomy":"product_cat","embeddable":true,"href":"https:\/\/atreveteacomprar.com\/index.php\/wp-json\/wp\/v2\/product_cat?post=21327"},{"taxonomy":"product_tag","embeddable":true,"href":"https:\/\/atreveteacomprar.com\/index.php\/wp-json\/wp\/v2\/product_tag?post=21327"}],"curies":[{"name":"wp","href":"https:\/\/api.w.org\/{rel}","templated":true}]}}